0
Calculate the highest common factor of 236099 and 574267.
1031
Calculate the greatest common factor of 9938657 and 597.
199
Calculate the greatest common factor of 492445 and 324551.
661
What is the greatest common factor of 456 and 2346726?
6
Calculate the highest common divisor of 369010929 and 21.
21
Calculate the greatest common divisor of 4525807 and 572.
143
Calculate the greatest common divisor of 7673810 and 350.
10
What is the greatest common factor of 138 and 200272132?
46
What is the highest common factor of 4433380 and 2688?
28
Calculate the greatest common factor of 419021 and 10759.
29
What is the greatest common divisor of 9963092 and 152?
4
Calculate the highest common divisor of 148 and 15832892.
148
Calculate the greatest common factor of 27696 and 38106.
6
Calculate the greatest common divisor of 54050720 and 688.
16
Calculate the highest common factor of 49165558 and 4628.
2314
What is the highest common divisor of 32358550 and 1357?
59
Calculate the highest common factor of 18 and 202703.
1
Calculate the greatest common divisor of 309190 and 4454860.
6310
What is the highest common divisor of 62466 and 1235678?
718
What is the highest common factor of 164 and 2062829884?
164
What is the highest common divisor of 2770 and 3356345?
5
Calculate the greatest common factor of 17116762 and 410.
82
What is the greatest common divisor of 5775 and 274922725?
1925
What is the greatest common factor of 517235701 and 4129?
4129
Calculate the highest common factor of 330020 and 633940.
580
What is the highest common factor of 8799 and 23883?
1257
Calculate the greatest common factor of 847534 and 18727.
61
Calculate the greatest common factor of 31165 and 318780.
115
Calculate the greatest common divisor of 349600 and 2075520.
3680
What is the highest common divisor of 2798355 and 3480?
435
What is the highest common divisor of 1345087 and 9225?
41
Calculate the highest common divisor of 77394 and 10122.
6
Calculate the greatest common factor of 3622031 and 1898148.
2681
What is the greatest common divisor of 2212 and 5638780?
28
What is the greatest common divisor of 334483160 and 1870?
1870
Calculate the highest common factor of 3807048 and 7611.
129
What is the greatest common factor of 2079560 and 3262?
14
Calculate the highest common factor of 143008 and 141368.
328
Calculate the highest common factor of 861 and 2319165.
123
Calculate the greatest common factor of 69082520 and 1560.
520
Calculate the highest common divisor of 419 and 361656917.
419
What is the greatest common factor of 384495 and 363?
3
Calculate the highest common divisor of 34752886 and 189.
7
What is the highest common factor of 498075 and 3804075?
2175
Calculate the highest common divisor of 8641594 and 21170.
4234
What is the greatest common factor of 1446718468 and 1222?
1222
Calculate the greatest common divisor of 3924 and 89154.
18
Calculate the highest common factor of 10634046 and 6.
6
What is the greatest common divisor of 1277829 and 11487?
21
What is the highest common factor of 24 and 162477912?
24
Calculate the greatest common factor of 626658 and 24510.
114
Calculate the highest common factor of 8550940 and 2001.
667
Calculate the highest common divisor of 234 and 55218.
6
What is the greatest common divisor of 54880121 and 1165?
233
Calculate the greatest common divisor of 4802125 and 451.
41
Calculate the highest common factor of 5693534 and 15246.
1694
What is the highest common divisor of 1780 and 3305960?
20
Calculate the greatest common factor of 30555 and 8883315.
315
Calculate the highest common factor of 497 and 15979544.
497
Calculate the greatest common factor of 566880 and 807360.
480
Calculate the highest common divisor of 714 and 4954926.
6
What is the greatest common factor of 5531658 and 32406?
66
What is the greatest common factor of 24 and 37538808?
24
Calculate the greatest common factor of 5394 and 5715378.
174
Calculate the highest common factor of 7144 and 389072956.
3572
What is the highest common factor of 118756017 and 27?
27
Calculate the highest common divisor of 353552 and 1216.
304
Calculate the highest common factor of 15 and 9156360.
15
What is the highest common factor of 17040 and 53160?
120
Calculate the greatest common factor of 115176268 and 13856.
1732
What is the highest common factor of 2844972 and 1196?
52
What is the greatest common divisor of 196 and 2359105?
49
Calculate the highest common factor of 362861965 and 2425.
485
Calculate the greatest common divisor of 125 and 863375.
125
What is the greatest common factor of 194618 and 5455969?
1333
Calculate the highest common factor of 281026 and 29093.
619
Calculate the greatest common divisor of 27930 and 11810.
10
What is the highest common divisor of 123264 and 14328?
72
Calculate the greatest common divisor of 199862 and 53456.
26
What is the greatest common factor of 1090920 and 74850?
30
What is the highest common divisor of 77 and 1934317?
77
Calculate the highest common divisor of 21306839 and 41.
41
Calculate the greatest common divisor of 285520 and 2338940.
1660
What is the highest common factor of 2141082 and 146574?
306
What is the highest common factor of 3740 and 2703600?
20
Calculate the highest common divisor of 194141971 and 109.
109
Calculate the highest common factor of 61884 and 188406.
162
Calculate the highest common factor of 366652 and 66242.
22
What is the highest common divisor of 1797 and 43595819?
599
What is the highest common divisor of 11983447 and 91?
7
Calculate the highest common factor of 13688 and 225272.
232
What is the highest common factor of 144443 and 484819?
271
What is the greatest common divisor of 919258 and 1292?
646
Calculate the highest common divisor of 35 and 27698587.
7
Calculate the greatest common factor of 10304 and 1404886.
322
Calculate the greatest common divisor of 5342400 and 3021.
159
Calculate the greatest common divisor of 31552 and 615757.
493
What is the greatest common factor of 1000005 and 165?
15
What is the highest common divisor of 783711246 and 184?
46
What is the greatest common factor of 410 and 6293746?
82
What is the highest common divisor of 50 and 834060?
10
Calculate the greatest common factor of 4482 and 90361602.
4482
Calculate the greatest common divisor of 10985555 and 259.
7
What is the greatest common divisor of 1984872 and 1068644?
1732
Calculate the highest common factor of 76 and 1622638.
38
What is the greatest common factor of 20785586 and 23597?
3371
Calculate the highest common divisor of 3760 and 85546768.
752
Calculate the highest common factor of 409733 and 13.
1
What is the greatest common divisor of 34560 and 2234520?
1080
Calculate the greatest common divisor of 251745 and 127290.
15
Calculate the highest common divisor of 11230569 and 9396.
2349
Calculate the highest common factor of 13391 and 40957.
7
Calculate the highest common factor of 5328 and 99604.
148
Calculate the highest common factor of 240 and 6970640.
80
What is the greatest common factor of 1744 and 1790543?
109
Calculate the highest common factor of 190914 and 2256.
282
Calculate the greatest common divisor of 970 and 913510.
10
What is the highest common factor of 71429879 and 193?
193
Calculate the greatest common divisor of 20514 and 858.
78
Calculate the greatest common divisor of 306646 and 7366.
58
Calculate the highest common divisor of 11 and 114334924.
11
Calculate the greatest common factor of 19044 and 1601812.
2116
What is the highest common factor of 4713037 and 301?
7
What is the highest common factor of 147 and 899225019?
147
Calculate the greatest common divisor of 180 and 667372410.
90
Calculate the highest common factor of 26 and 36363548.
26
Calculate the highest common factor of 713 and 1280269.
31
Calculate the greatest common factor of 62873043 and 2893.
263
Calculate the greatest common divisor of 9 and 126836.
1
What is the greatest common divisor of 1048021 and 7163?
247
What is the highest common factor of 42572085 and 1680?
15
Calculate the highest common divisor of 36 and 620825508.
36
Calculate the greatest common factor of 2 and 40403966.
2
Calculate the greatest common divisor of 1299466 and 253106.
1414
Calculate the highest common divisor of 11496800 and 1